3657402592?
2, 23, 4969297
List the prime factors of 234217580.
2, 5, 73, 160423
List the prime factors of 427480081.
7, 61068583
What are the prime factors of 178289800?
2, 5, 13, 47, 1459
What are the prime factors of 16035340?
2, 5, 167, 4801
List the prime factors of 515290934.
2, 37, 6963391
What are the prime factors of 424467351?
3, 7, 11, 29167
List the prime factors of 96443606.
2, 7, 6888829
List the prime factors of 359251865.
5, 7, 10264339
List the prime factors of 382334212.
2, 13, 7352581
What are the prime factors of 54243365?
5, 11, 541, 1823
What are the prime factors of 21505920?
2, 3, 5, 23, 487
List the prime factors of 6281774929.
77713, 80833
What are the prime factors of 671468777?
7, 89, 1077799
List the prime factors of 8582909684.
2, 37, 239, 242647
What are the prime factors of 253056042?
2, 3, 113, 367
List the prime factors of 33552195.
3, 5, 19, 117727
List the prime factors of 239404585.
5, 7, 23, 297397
What are the prime factors of 52372445?
5, 10474489
What are the prime factors of 25917631?
331, 78301
List the prime factors of 7070259791.
7, 971, 1040203
What are the prime factors of 20859401?
1489, 14009
What are the prime factors of 48130854?
2, 3, 191, 41999
What are the prime factors of 88511604?
2, 3, 1283, 5749
List the prime factors of 517404391.
7, 53, 1087, 1283
List the prime factors of 58106346.
2, 3, 523, 18517
List the prime factors of 26648441.
26648441
What are the prime factors of 176026533?
3, 373, 157307
List the prime factors of 5831449302.
2, 3, 7, 23, 6036697
List the prime factors of 1130409.
3, 7, 5981
List the prime factors of 107265695.
5, 911, 23549
List the prime factors of 7069778299.
163, 2917, 14869
List the prime factors of 239897368.
2, 29987171
What are the prime factors of 397566042?
2, 3, 66261007
What are the prime factors of 967783253?
193, 5014421
List the prime factors of 1025076594.
2, 3, 170846099
List the prime factors of 68042881.
97, 701473
List the prime factors of 49233165.
3, 5, 3282211
What are the prime factors of 294691228?
2, 13, 599, 9461
List the prime factors of 61395415.
5, 17, 722299
List the prime factors of 408399267.
3, 136133089
List the prime factors of 245977183.
15319, 16057
List the prime factors of 1659385085.
5, 281, 1181057
List the prime factors of 514987244.
2, 2503, 51437
List the prime factors of 142445355.
3, 5, 13, 107, 6827
What are the prime factors of 3441640863?
3, 31, 443, 83537
What are the prime factors of 1510477055?
5, 302095411
What are the prime factors of 816607442?
2, 7, 8332729
What are the prime factors of 1231605978?
2, 3, 23, 8924681
What are the prime factors of 107691003?
3, 7, 163, 10487
What are the prime factors of 1627386265?
5, 367, 886859
List the prime factors of 5393240137.
277, 1367, 14243
What are the prime factors of 142612208?
2, 37, 240899
List the prime factors of 109017810.
2, 3, 5, 11, 110119
What are the prime factors of 1554035773?
17, 181, 505049
List the prime factors of 123536972.
2, 13, 182747
What are the prime factors of 397405059?
3, 132468353
What are the prime factors of 154963863?
3, 89, 193463
List the prime factors of 44528437.
23, 331, 5849
List the prime factors of 22811374.
2, 1117, 10211
What are the prime factors of 128371924?
2, 23, 1395347
List the prime factors of 90832032.
2, 3, 315389
What are the prime factors of 253958842?
2, 126979421
List the prime factors of 1794936489.
3, 37, 16170599
What are the prime factors of 5876785?
5, 241, 4877
What are the prime factors of 231319723?
8887, 26029
List the prime factors of 90767319.
3, 30255773
List the prime factors of 48885344.
2, 67, 151
List the prime factors of 2158552649.
11, 61, 1511, 2129
What are the prime factors of 110504941?
4099, 26959
List the prime factors of 47496770.
2, 5, 19, 59, 223
List the prime factors of 425668461.
3, 37, 3834851
List the prime factors of 2230988557.
7, 17, 131, 143113
List the prime factors of 50677121.
11, 4607011
List the prime factors of 172921598.
2, 311, 317, 877
What are the prime factors of 244704729?
3, 389, 209687
What are the prime factors of 629851244?
2, 11, 14314801
List the prime factors of 1903886264.
2, 7, 601, 56569
List the prime factors of 107222578.
2, 53611289
What are the prime factors of 148469635?
5, 29693927
List the prime factors of 11438191.
89, 128519
List the prime factors of 205322819.
13, 15794063
What are the prime factors of 2261913683?
2261913683
What are the prime factors of 6400000?
2, 5
List the prime factors of 178679697.
3, 7, 37, 229961
List the prime factors of 744584622.
2, 3, 47, 2640371
List the prime factors of 15984479.
7, 2283497
What are the prime factors of 4212236771?
179, 23532049
List the prime factors of 138703964.
2, 7, 4953713
List the prime factors of 1849741873.
7, 264248839
List the prime factors of 48377916.
2, 3, 29, 149, 311
List the prime factors of 706979115.
3, 5, 15710647
What are the prime factors of 143866761?
3, 2111, 22717
What are the prime factors of 103474521?
3, 103, 111623
List the prime factors of 95692278.
2, 3, 11, 41, 35363
What are the prime factors of 57981173?
823, 70451
What are the prime factors of 727169748?
2, 3, 19, 23, 6029
List the prime factors of 1533780585.
3, 5, 34084013
List the prime factors of 93991124.
2, 733, 32057
What are the prime factors of 22554316?
2, 107, 52697
List the prime factors of 358771088.
2, 13, 1724861
What are the prime factors of 218714582?
2, 41, 211, 12641
What are the prime factors of 2194597347?
3, 373, 1961213
What are the prime factors of 21000761?
21000761
What are the prime factors of 334901783?
1699, 197117
List the prime factors of 339494739.
3, 113164913
What are the prime factors of 513660341?
41, 12528301
List the prime factors of 118819815.
3, 5, 29, 273149
What are the prime factors of 1376175878?
2, 7, 11, 293, 4357
What are the prime factors of 15210619?
15210619
What are the prime factors of 891539944?
2, 3673, 30341
List the prime factors of 55327583.
103, 487, 1103
What are the prime factors of 130362453?
3, 13, 29, 1423
List the prime factors of 190588339.
61, 3124399
List the prime factors of 49039621.
49039621
List the prime factors of 28112224.
2, 7, 41, 3061
What are the prime factors of 805417873?
13, 103, 601507
What are the prime factors of 169560658?
2, 197, 430357
What are the prime factors of 3286442576?
2, 41, 5009821
What are the prime factors of 680024496?
2, 3, 281, 50417
What are the prime factors of 1328173428?
2, 3, 53, 67, 71, 439
What are the prime factors of 46465482?
2, 3, 7, 29, 38149
List the prime factors of 236371169.
59, 137, 29243
List the prime factors of 54687397.
197, 277601
What are the prime factors of 248301952?
2, 43, 197, 229
What are the prime factors of 2681450402?
2, 6359, 210839
List the prime factors of 480474402.
2, 3, 2281, 35107
List the prime factors of 195597416.
2, 7, 498973
What are the prime factors of 359409783?
3, 119803261
What are the prime factors of 3238315632?
2, 3, 929, 8069
List the prime factors of 496503101.
521, 952981
What are the prime factors of 77683002?
2, 3, 12947167
List the prime factors of 9340887.
3, 1567, 1987
What are the prime factors of 77689756?
2, 281, 69119
List the prime factors of 1074650506.
2, 29, 18528457
What are the prime factors of 1362594650?
2, 5, 27251893
List the prime factors of 2724503974.
2, 19, 71697473
List the prime factors of 2631689881.
83, 1543, 20549
List the prime factors of 295219366.
2, 13, 79, 143729
List the prime factors of 2741355570.
2, 3, 5, 17, 53, 101419
List the prime factors of 9260676.
2, 3, 19, 4513
What are the prime factors of 37546636?
2, 9386659
List the prime factors of 611885991.
3, 59, 97, 157, 227
List the prime factors of 26873026.
2, 37, 363149
What are the prime factors of 163537395?
3, 5, 7, 1557499
What are the prime factors of 5726749804?
2, 43, 59, 564323
What are the prime factors of 94136816?
2, 179, 32869
What are the prime factors of 8330734556?
2, 37, 1721, 32707
List the prime factors of 83745787.
19, 31, 142183
List the prime factors of 5062668746.
2, 4217, 600269
What are the prime factors of 22462624?
2, 701957
What are the prime factors of 403083298?
2, 179, 1125931
List the prime factors of 1474171063.
521, 2829503
